(-3)/(g/213) is divided by 24.
23
Suppose -4*m = 2*v - 186, -2*m + m = -3*v + 286. What is the remainder when v is divided by 16?
15
Let f(w) be the first derivative of -9*w**2/2 - w - 2. Let k be f(-1). Calculate the remainder when 26 is divided by (-4)/(k/(-1))*18.
8
What is the remainder when (10 - 2)/((-2)/(16/(-2))) is divided by 18?
14
Suppose 2*s = 5*n - 55, -4*n = s - 3*s - 44. What is the remainder when (-1596)/126*3/(-2) is divided by n?
8
Let b = 104 - 73. Let x = 21 - 56. Let f = 46 + x. What is the remainder when b is divided by f?
9
Suppose -6*g + 36 = 5*i - 2*g, 12 = 3*g. Suppose 4*x - 71 = -2*f - 3, 0 = i*f + 8. What is the remainder when 65 is divided by x?
11
Suppose 7 - 227 = -5*n. What is the remainder when 87 is divided by n?
43
Suppose -3*b + 7*h - 12*h = -34, -b = 5*h - 18. Suppose -p + 6*p = 5, -3*g - 3*p + 30 = 0. Suppose 101 = 5*s - g. What is the remainder when s is divided by b?
6
What is the remainder when 266 is divided by -2 - -73 - (-8)/(-2)?
65
Let u = 10 + -6. Suppose 0 = -0*c + u*c + 8. What is the remainder when 2 - (-50*1 + c) is divided by 19?
16
Let s(j) = -j + 23. Let q be s(20). Suppose q*m = g + 290, 7*m = 5*m - 5*g + 165. Calculate the remainder when m is divided by 32.
31
Let q = -809 + 1719. Calculate the remainder when q is divided by 76.
74
Suppose l - 5*m - 51 = 0, 0 = -0*l + l + 5*m - 1. What is the remainder when 45 is divided by l?
19
Let q = -44 - -66. Let c = -3 + 3. Suppose f - 2*f + q = c. Calculate the remainder when 86 is divided by f.
20
Let g = -209 - -420. Calculate the remainder when g is divided by 36.
31
Suppose 3*f + 5*i = 33 - 13, 0 = f - 2*i - 3. Let n(g) = -f*g**2 - 7 + 4*g**2 + g - 9*g. Calculate the remainder when 9 is divided by n(-6).
4
Suppose 4*d + 3*v + 60 = 0, -v + 3*v + 75 = -5*d. Let s(i) = 3*i**2 - 54*i - 24. Calculate the remainder when s(19) is divided by ((-24)/10)/(3/d).
9
Calculate the remainder when 22 is divided by (-4)/7 - (2 + 760/(-56)).
0
Suppose -3*r = 4*y - 15, 3*r + 7 = y + 7*r. Suppose y*j = -3*j + 24. Suppose -j*z = -3*z - 50. Calculate the remainder when z is divided by 17.
16
Let l(q) be the third derivative of -q**5/12 - 71*q**4/24 - 5*q**2 + 2. What is the remainder when 93 is divided by l(-14)?
9
Let d(c) = 4*c**3 + 7*c**2 - 61*c - 3. Calculate the remainder when 603 is divided by d(4).
119
Let p = -520 - -531. What is the remainder when 658 is divided by p?
9
Suppose -24 = -8*v + 16. Suppose -3*n - 2*w = -439, -v*w - 13 = -n + 105. Calculate the remainder when n is divided by 37.
32
Suppose -2*g + 5*o + 14 = 0, -4*o = -g + 3*g - 14. Let k(a) = 2*a**2 + 2*a - 1. What is the remainder when k(g) is divided by 28?
27
Let j be (-2 + 3)*(8 - 1). Suppose 4*p - j*p = -45. Let o(g) = 158*g - 2993. What is the remainder when p is divided by o(19)?
6
Suppose 8*s = 843 - 2131. Let q = -17 - s. What is the remainder when q is divided by 21?
18
Suppose 5*q - 3*q = 58. Let r be (-29)/6 - (-5)/(-30). Calculate the remainder when q is divided by (24/r)/((-6)/20).
13
Let u be (-22)/(-2) - (-12)/(5 + -11). What is the remainder when 15 is divided by (3*(-3)/u)/((-3)/33)?
4
What is the remainder when 394 is divided by ((-616)/140)/((-1)/10)?
42
Let c(s) = s**3 + 4*s**2 - 10*s - 2. Let g be c(-5). Suppose -g*h + 84 = -16*h. Calculate the remainder when h is divided by 7.
5
Let j(l) = l**2 + 10. Let i be j(0). What is the remainder when ((-316)/6)/(i/(-15)) is divided by 27?
25
Let l(m) = m**3 - 9*m**2 + 2*m - 9. Let a be l(9). What is the remainder when 45 is divided by 8/5*9*15/a?
21
Let x(t) = t**2 + 3*t - 7. Suppose 0 = -b - 3*b - 32. Let v = 82 - 73. Calculate the remainder when x(b) is divided by v.
6
Suppose 37*t = 543 + 2269. What is the remainder when 224 is divided by t?
72
Suppose -18*w = -27 - 99. What is the remainder when 28 is divided by w?
0
Let r = 2 + 7. Suppose k - 2*k = -3*n, 0 = 5*k - 5*n + 50. Let b = k + 41. What is the remainder when b is divided by r?
8
Suppose n + 9*z = 12*z - 2, -3*n + 3*z = -6. Suppose 5*l = 93 - 18. Calculate the remainder when l is divided by n.
3
Let t = 39 + -68. Let x = 40 + t. Suppose -10*r + 795 = 5*r. What is the remainder when r is divided by x?
9
Let b(d) = -4*d - 23. Let p be b(-8). Suppose -h = -3*a - p, h + 2*h = -3*a + 39. Calculate the remainder when 38 is divided by h.
2
Let y(d) = d**3 - 7*d**2 + 5*d + 7. Let l be y(6). Let w(s) = 4*s - 5. What is the remainder when 17*(-3 + l + 6) is divided by w(7)?
22
Let i be (22/6)/((-1)/27). Let z = -18 - i. Suppose 5*d = 3*w - w + 107, 3*w + 45 = 2*d. What is the remainder when z is divided by d?
18
Let k(h) = h + 3. Suppose -4*w = -0*w + 28. Let f be k(w). Calculate the remainder when (0 - -1)/f*-8 is divided by 2.
0
Suppose 60 = 4*h - 4*u, -5*h + 0*u + u = -91. Suppose -9*b + 24 = -21. What is the remainder when h is divided by b?
4
Suppose 24*h - 2142 = -27*h. Calculate the remainder when 964 is divided by h.
40
Suppose 4*s + 1848 = 4*n, -2*s - 1382 = -0*n - 3*n. Calculate the remainder when n is divided by 17.
16
Suppose -5*q = 2*k - 42, 5*k + 0*q = 2*q + 105. Let h = 49 - k. Suppose -4*a = -h - 56. Calculate the remainder when a is divided by 12.
9
Let h(u) = -10*u**2 + 56*u + 15. Calculate the remainder when 263 is divided by h(5).
38
Suppose 0 = -5*t + 40 - 10. Let f = 204 + -169. Calculate the remainder when f is divided by t.
5
Suppose 46*k = 67*k - 756. What is the remainder when 106 is divided by k?
34
Suppose -40*y + 8799 = -19*y. Calculate the remainder when y is divided by 30.
29
Let d(t) = -2*t**2 + 24*t - 27. What is the remainder when 160 is divided by d(9)?
25
Suppose 3*y - 43 = -5*p, 0 = 5*y + 3*p + 16 - 61. Let h = 130 - 84. What is the remainder when h is divided by y?
4
Suppose 930 = 946*a - 931*a. Calculate the remainder when a is divided by 2/3 + 92/6.
14
Let y = -3 - -87. What is the remainder when y is divided by 43?
41
Suppose 95 = 5*b + 5*q, 5*b + 2*q - 115 + 8 = 0. Suppose o - 106 = -2*p + 24, 3*p - 213 = 3*o. Calculate the remainder when p is divided by b.
21
What is the remainder when 125 is divided by (2/6)/((-6)/(-414))?
10
Suppose -a - 280 = 3*a. Let i = 131 + a. Let x(u) = -5*u + 6. What is the remainder when i is divided by x(-3)?
19
Let r(l) = -4*l - 4. Let h(q) = 2*q + 2. Let t(u) = -5*h(u) - 3*r(u). Calculate the remainder when t(10) is divided by 8.
6
Let p be (1 - 1)/(0 + -2). Suppose -3 + p = -c, -2*h + 73 = 3*c. Calculate the remainder when h is divided by 17.
15
Suppose 8*m + 14 = -2. Calculate the remainder when 424/m*1/(-4) is divided by 14.
11
Let l(b) be the second derivative of -34*b**3/3 - 7*b**2/2 - 2*b. Let m be l(-4). Suppose y + 4*y - m = 0. Calculate the remainder when y is divided by 18.
17
Let j = 243 - 238. Calculate the remainder when 34 is divided by j.
4
Let d(s) = -s**3 - 5*s**2 - 6*s - 2. Let r be (0/2 - 2)*2. What is the remainder when d(r) is divided by 3?
0
Suppose 4*z = -4*f + 508, -64*z + 66*z = -f + 124. Calculate the remainder when f is divided by -1 + 0 + (22 - 2).
16
Let f(p) = p**3 + 13*p**2 - 6*p - 50. Calculate the remainder when 418 is divided by f(-13).
26
Let x(b) = -b**3 + 9*b**2 + 13*b - 6. What is the remainder when x(-5) is divided by 8?
7
Suppose -4*s - 3*d + 7 = -0*d, 23 = 5*s - d. Suppose -23 + 195 = s*m. What is the remainder when m is divided by 12?
7
Suppose -3*b + 3 = -0*b. Let y(u) = -1 + 3 - 20 + 3*u + 4. What is the remainder when y(5) is divided by b?
0
Suppose -5*w = -2*m + 11 + 34, 5*m = -3*w + 35. What is the remainder when 35 is divided by m?
5
Let z be -5*(2 + -4 - 0). Suppose -14*m + 13*m = -z. Suppose -3*r + 2*r = -3*x + 49, -2*x = 4*r - 42. Calculate the remainder when x is divided by m.
7
Suppose 5*m - 16 = 3*v + 35, 0 = -3*v - 2*m - 72. Let r(s) = -s - 2. What is the remainder when r(v) is divided by 11?
9
Let d = -60 - -51. Calculate the remainder when 16 is divided by 3 + 3/9 + (-60)/d.
6
Suppose -11*w + 17*w = 66. Calculate the remainder when 306 is divided by w.
9
Let z(o) = o**3 - 23*o**2 - 24*o + 14. Calculate the remainder when 19 is divided by z(24).
5
Let x = 887 + -841. What is the remainder when 274 is divided by x?
44
Suppose 0 = -5*z + 303 - 143. What is the remainder when 106 is divided by z?
10
Let o be (4/(-6))/(4/(-186)). Let s = o - -23. Supp